at is 877 - 4229?
-3352
In base 16, what is 4 + -4a00d?
-4a009
In base 9, what is -44 - -3082?
3037
In base 3, what is 222121010 - -100?
222121110
In base 8, what is -3072 - 12?
-3104
In base 3, what is -222 + 11102000?
11101001
In base 14, what is 3 - 2dcd50?
-2dcd4b
In base 16, what is 353 - 93?
2c0
In base 6, what is 3040310 - -5?
3040315
In base 3, what is -1122220210 + 200?
-1122220010
In base 5, what is -1203410 + 1?
-1203404
In base 9, what is 2616 + 1450?
4166
In base 15, what is 9 + 19b6?
19c0
In base 13, what is 6b - a96?
-a28
In base 8, what is -7204136 + 1?
-7204135
In base 16, what is -4 + -7882?
-7886
In base 8, what is 434 + 1205?
1641
In base 4, what is 1132 - 10033?
-2301
In base 7, what is -1614323 + 4?
-1614316
In base 6, what is 233 + 2540?
3213
In base 13, what is -5 - -57c0?
57b8
In base 2, what is -10001111111 + -1001011110?
-11011011101
In base 8, what is 317322 + -4?
317316
In base 10, what is 1459 - -1053?
2512
In base 15, what is -14e1a + 1c?
-14ded
In base 4, what is 2110021 - -221?
2110302
In base 13, what is 95a7 + 4?
95ab
In base 10, what is 426 - 0?
426
In base 15, what is 3ad9b + a?
3ada6
In base 6, what is -12 + 221213?
221201
In base 15, what is 149 + 75?
1be
In base 9, what is -1168 - -116?
-1052
In base 16, what is -1dcb - -2?
-1dc9
In base 10, what is -9 + 2555?
2546
In base 14, what is 5 + c44?
c49
In base 11, what is 17 + -3887?
-3870
In base 8, what is 124363 + -6?
124355
In base 13, what is -5 + 4546c?
45467
In base 6, what is -11415 + -1225?
-13044
In base 13, what is 53575 + -1?
53574
In base 4, what is 3103 - -20033310?
20103013
In base 6, what is -242451 - 224?
-243115
In base 8, what is -15 - -160347?
160332
In base 3, what is 110111022221 + -210?
110111022011
In base 2, what is 10110110110011 + 1100?
10110110111111
In base 14, what is -12 + -3ca3?
-3cb5
In base 3, what is -221100020 + -2100?
-221102120
In base 13, what is -a - -4b?
41
In base 8, what is 4 - -32256?
32262
In base 3, what is 210221010 + -120?
210220120
In base 10, what is 96862 + 34?
96896
In base 3, what is 11210211101 - 11?
11210211020
In base 14, what is 10 - 776a?
-775a
In base 14, what is -3 + -295dca?
-295dcd
In base 15, what is 8d - 94?
-6
In base 8, what is 720 - 310?
410
In base 11, what is -7 - -6980?
6974
In base 5, what is 123124 - -3?
123132
In base 16, what is -ab - 13ba?
-1465
In base 15, what is 11 + -992?
-981
In base 3, what is 202220211 - 11?
202220200
In base 14, what is -18 + 415?
3db
In base 14, what is 6 - 26d0?
-26c8
In base 16, what is 8a8 + 1?
8a9
In base 15, what is 10c91 + -3?
10c8d
In base 11, what is 7a40 - -40?
7a80
In base 9, what is 7 - 60521?
-60513
In base 12, what is 7 + -5426?
-541b
In base 16, what is -4 + -34f8a?
-34f8e
In base 12, what is 127961 + 3?
127964
In base 6, what is 1251 - -232?
1523
In base 9, what is -7474830 + 2?
-7474827
In base 4, what is 212 - -133230?
200102
In base 4, what is 33 + 100?
133
In base 5, what is 44404 - -2301?
102210
In base 8, what is 5 + 1051757?
1051764
In base 8, what is -12207 + -20?
-12227
In base 5, what is -13 + 42210?
42142
In base 5, what is -222 + -1120302?
-1121024
In base 14, what is -c1d + -34?
-c53
In base 2, what is -11011101 - -10000001?
-1011100
In base 6, what is -3124223 - 3?
-3124230
In base 7, what is 4140 - -36?
4206
In base 9, what is -1408 + -50?
-1458
In base 6, what is -5242 - 3251?
-12533
In base 15, what is -425 + b?
-419
In base 7, what is -103563 - -5?
-103555
In base 4, what is 20000301 + -1?
20000300
In base 5, what is -432 - -44140?
43203
In base 7, what is 536061 + -3?
536055
In base 2, what is -100001101 - -11101100001?
11001010100
In base 15, what is -245 + 42?
-203
In base 4, what is 13233 - -3112?
23011
In base 10, what is 8 - -336412?
336420
In base 4, what is 111313022 - 33?
111312323
In base 15, what is 10 - 5292?
-5282
In base 8, what is -103703 - -16?
-103665
In base 5, what is -1 + 414422220?
414422214
In base 4, what is 1233012 + 3?
1233021
In base 11, what is -59966 - -3?
-59963
In base 5, what is -1000212 - 2?
-1000214
In base 11, what is 10169 - 10?
10159
In base 11, what is 188 + -1142?
-a65
In base 11, what is -a - -76050?
76041
In base 13, what is -17 + a66b?
a654
In base 15, what is 225e + 1e7?
2456
In base 16, what is -5 + -480a7?
-480ac
In base 14, what is -2 - -18b12?
18b10
In base 4, what is 200113 - -11021?
211200
In base 2, what is -1100 + -101010110011?
-101010111111
In base 8, what is 2561 - 316?
2243
In base 9, what is -4070 + 118?
-3851
In base 3, what is 2001102002120 - -2?
2001102002122
In base 13, what is -1813 + -54?
-1867
In base 3, what is 210 + -1001221112?
-1001220202
In base 6, what is -10 + 5543400?
5543350
In base 16, what is 4cb + 4?
4cf
In base 10, what is -1 - 4563?
-4564
In base 4, what is 3122 + -1311?
1211
In base 9, what is 148 - 2424?
-2265
In base 6, what is -43045215 - 2?
-43045221
In base 14, what is 1033 - -c6?
1119
In base 14, what is -1a28 - 52?
-1a7a
In base 15, what is 3675 + b?
3681
In base 2, what is 10000011010110 + -101?
10000011010001
In base 12, what is -770 + -111?
-881
In base 11, what is 806a + -96?
7a84
In base 16, what is -1 + -6e84?
-6e85
In base 16, what is -2 - -20d8?
20d6
In base 7, what is 21135 + 33?
21201
In base 16, what is 1 - f003?
-f002
In base 15, what is 3d - -22?
60
In base 6, what is 0 + 5405414?
5405414
In base 10, what is -1 + -24919?
-24920
In base 12, what is -2 - -11b311?
11b30b
In base 4, what is 33300000132 - -1?
33300000133
In base 9, what is -212 + -7351?
-7563
In base 13, what is -7382 - 2?
-7384
In base 10, what is -97722 + 5?
-97717
In base 3, what is -101 - -212110210?
212110102
In base 11, what is 18 - -16732?
1674a
In base 13, what is -19 - -6454?
6438
In base 13, what is -3 - -4c53c?
4c539
In base 14, what is 4 + 3255?
3259
In base 7, what is -111333 - -112?
-111221
In base 3, what is -10 + 10102011122020?
10102011122010
In base 6, what is -10 - -3411454?
3411444
In base 2, what is -101 + 11111001101001000001?
11111001101000111100
In base 10, what is -1 + 119345?
119344
In base 16, what is 1f2 - -126?
318
In base 4, what is 10 + 310032223?
310032233
In base 16, what is -45 - 239?
-27e
In base 6, what is -5 + -553411?
-553420
In base 10, what is 4897817 - 4?
4897813
In base 9, what is -65331 - 10?
-65341
In base 7, what is -6 - -5532160?
5532151
In base 12, what is 96745 - 5?
96740
In base 16, what is -5 - -94e0?
94db
In base 5, what is -4 + -11033014?
-11033023
In base 3, what is -210010 + -101210?
-1011220
In base 12, what is 14 + -398?
-384
In base 15, what is 15 - 19c2?
-19ac
In base 3, what is 20 + -212220121?
-212220101
In base 14, what is -10192d - 1?
-101930
In base 12, what is 176851 + -3?
17684a
In base 16, what is 7bb - 12e?
68d
In base 2, what is -101000 + 1010111010?
1010010010
In base 15, what is -1967c - -4?
-19678
In base 5, what is 433324 - -2?
433331
In base 4, what is 2121 - 10123?
-2002
In base 7, what is 6425 - -4343?
14101
In base 12, what is 14 - 243?
-22b
In base 15, what is a1e7c - 2?
a1e7a
In base 13, what is -9c3 - -5?
-9bb
In base 11, what is -18 - -3289?
3271
In base 14, what is -20 - 33d6?
-3416
In base 8, what is -2 + 3630663?
3630661
In base 8, what is 11 + 51610?
51621
In base 4, what is 20 - -130122?
130202
In base 10, what is 4701 + 90?
4791
In base 8, what is 150074 + 4?
150100
In base 3, what is 101020 - -2022?
110112
In base 3, what is -2 + -102000211?
-102000220
In base 6, what is 1115323 + 12?
1115335
In base 13, what is 5 - -1b8bc3?
1b8bc8
In base 13, what is 2 + 1b5c0?
1b5c2
In base 3, what is -1222120120211 - -12?
-1222120120122
In base 3, what is -102120222 + -11?
-102121010
In base 8, what is -5653 + -54?
-5727
In base 5, what is 42131032 - -23?
42131110
In base 10, what is 294320 + 1?
294321
In base 10, what is -1591 - -574?
-1017
In base 13, what is 5 + 390a7?
390ac
In base 14, what is 3d - 52d4?
-5295
In base 13, what is 216 + 3a89?
3ca2
In base 7, what is 2151 - -3233?
5414
In base 5, what is 20124104 + 1?
20124110
In base 3, what is -2 + -221201000?
-221201002
In base 10, what is 0 - 161779?
-161779
In base 5, what is -12012 - -124?
-11333
In base 7, what is -65 + -3056?
-3154
In base 6, what is -1 + -40540?
-40541
In base 6, what is -11 + -143351?
-143402
In base 15, what is 1cc